 = 0. What is the tens digit of q?
6
Suppose -9*u = -5*u - 484. Let n = u + -29. What is the tens digit of n?
9
Let g = 1300 - 753. What is the tens digit of (-2)/(-9) - g/(-9)?
6
What is the tens digit of 12/(-9)*927/(-12)?
0
Let v = 7 - 4. Suppose 0*g = 4*g + v*l + 39, 0 = -5*l - 5. Let b(x) = -4*x - 20. What is the units digit of b(g)?
6
Let a = 989 + -16. What is the tens digit of a?
7
Let u = -136 + 60. Let z = u - -92. What is the units digit of z?
6
Suppose 2*y + 21 = -67. Let l be y/(-5)*(-30)/(-4). Suppose -l + 29 = -2*o - 3*i, -86 = -5*o - i. What is the tens digit of o?
1
Let r = -45 - -53. Suppose -r*x + 676 = -372. What is the units digit of x?
1
Let r(s) = 5*s + 245. Let h be r(0). Let u = -165 + h. What is the units digit of u?
0
Suppose 3*p = 5*f - 4300, -f - 4305 = -6*f + 2*p. What is the units digit of f?
3
Let u = 7 - 9. Let k be 21 + (-3 - u) + -2. Let t = k + -16. What is the units digit of t?
2
Let s(i) = -6*i + 27. Let z be s(6). Let k(j) = -j**3 - 9*j**2 - 9*j - 7. What is the units digit of k(z)?
4
Let u(t) be the first derivative of -t**4/4 + 13*t**3/3 - 13*t**2/2 + t - 5. Let i be u(12). Let s = i - -20. What is the units digit of s?
9
What is the tens digit of 6/(4 + 120/(-65) - 2)?
3
Let b = 155 - 1. What is the tens digit of b?
5
What is the thousands digit of 1 - (-5)/(25/8855) - -1?
1
Suppose -6*o - 81 - 39 = 0. Let g = o + 31. What is the units digit of g?
1
Let s(l) = -36*l**3 + l**2 - l + 1. Let r be s(1). Suppose 3*k + 255 = 3*c, 0*c - 2*k = 5*c - 404. Let m = r + c. What is the tens digit of m?
4
Suppose h = 3*h - 12. Let u(r) = h*r**2 + 3*r + 3*r**3 + 4*r**3 - 8*r**3 - 4. What is the units digit of u(5)?
6
Let n = 1025 - 751. What is the tens digit of n?
7
Let p(t) = 2*t**3 - 45*t**2 - 4*t + 54. What is the units digit of p(23)?
1
Suppose -5*f = -2*f + 30. Let k(x) be the second derivative of -x**5/20 - 11*x**4/12 - 2*x**3 - 13*x**2/2 - x. What is the units digit of k(f)?
7
Let b(l) = -4*l + 4. Let g(c) = 2*c - 3. Let p be g(6). Let k be b(p). Let h = -23 - k. What is the units digit of h?
9
Let f be 476/85 - (-2)/5. What is the tens digit of 109 + 2*(-15)/f?
0
What is the thousands digit of 17/((-170)/940)*62/(-4)?
1
Suppose 5*p = 2*y + 430, 2*p + 2*y - 50 = 108. Suppose p + 12 = 4*c. Suppose 3*z + c = 4*q - 71, 45 = 3*q + 3*z. What is the tens digit of q?
2
Let x be (-1)/((21/(-120))/(-7)). Let w = 154 - x. What is the hundreds digit of w?
1
Let s = -12 - -15. Suppose s*u + 83 = 4*u. What is the units digit of u?
3
Let r be (-3 - (-7)/3)/((-4)/1026). Let p = 358 - r. What is the hundreds digit of p?
1
Let k = -171 + 112. Let t = 127 + k. Suppose -j - t = -3*j. What is the units digit of j?
4
Suppose 4*d = -2*l + 70, -2*d - 69 = -6*d - l. Let h = -52 + d. Let m = -3 - h. What is the tens digit of m?
3
Let s = 210 + -136. What is the tens digit of s?
7
Suppose 5*p = 3*z - 2502 + 420, -2*z - 5*p = -1363. What is the tens digit of z?
8
Let y(v) be the first derivative of 7*v**3/3 + 3*v**2/2 + 3*v + 33. Let l = -1 + -1. What is the tens digit of y(l)?
2
What is the tens digit of ((-8)/120*-20)/((-4)/(-1158))?
8
Suppose 4*b - 16 = 0, 3*k - 5*b - 5 = -2*k. Suppose -k*v = 2*j - 8 - 7, 3*v + 3 = 0. What is the tens digit of j?
1
Let o = -133 - -225. What is the tens digit of (0 - o)*(5 + -6)?
9
Let o be (-2 + (2 - 3))/(-1). Suppose 3*r + 0 = o. What is the units digit of -8*((-3)/(-12) - r)?
6
Suppose p - 2*p = 1, 5*p + 1 = -2*o. Suppose -h - 1 = 1, 60 = 4*q + o*h. Let b = 13 + q. What is the tens digit of b?
2
Suppose -4*v = f - 6*v - 88, -5*f + 2*v = -416. What is the tens digit of f?
8
Let l = 30 + -27. Suppose 45 = n + 2*y, -l*n + 5*n + 3*y - 88 = 0. What is the tens digit of n?
4
Let q = 156 - -191. What is the units digit of q?
7
Let j(p) = -3*p**3 + 4*p**2 - 7*p - 110. What is the hundreds digit of j(-7)?
1
Suppose -7*f + 9 = -5. Suppose 4*u + 4*r - 36 = 0, -2*u - f*r + r = -14. Suppose 5*h - 85 = 3*s, -3*s + s = u*h - 85. What is the tens digit of h?
1
Suppose -90*t + 13104 = -77*t. What is the hundreds digit of t?
0
Suppose 4*k - 1 - 46 = -l, -191 = -3*l - 2*k. Suppose -f - l = 59. Let d = -82 - f. What is the units digit of d?
4
Let k(u) = -12*u + 10. Let q be k(6). Let v = q + 123. What is the tens digit of v?
6
Let y be (10/3)/((-12)/(-18)). Suppose -37 = -4*w + 3*w + y*n, 4*n - 98 = -5*w. Let r = w - 13. What is the units digit of r?
9
Let k be (2/4)/(21/672). Let p = k - 9. What is the units digit of p?
7
Let h(z) = -320*z**3 - 3*z**2 + z + 4. What is the tens digit of h(-2)?
5
Suppose -7*p + 3*p = 56. Let v be p/(-77) + 42/11. Suppose v*w - 36 = 3*w. What is the units digit of w?
6
Suppose -7 + 16 = 3*f. Suppose -f*d = -p - 251, -3*p + 0 - 15 = 0. What is the units digit of d?
2
Let v(f) = -f**3 + f**2 - f - 11. Let l be v(0). Let o = l + 10. What is the units digit of (o + 6)*(-28)/(-10)?
4
What is the units digit of (-2)/((0 - -5) + 19788/(-3956))?
9
Let k = -183 + 673. What is the tens digit of k?
9
Suppose k - 80 = 3*g + 62, -2*k - 10 = 0. Let w = 88 + g. Let v = -18 + w. What is the units digit of v?
1
What is the hundreds digit of (-4 - (-66)/18)/(2/(-1236))?
2
What is the tens digit of (1*(-2)/2)/((-638)/1057166)?
5
Suppose 0*l + 80 = 5*l. Let n be (-13)/(-4) + 12/l. Suppose h - v = 66 + 17, 5*h - 388 = -n*v. What is the tens digit of h?
8
Let u(v) = v**2 + 3*v + 4. Let g be u(-3). Suppose -4*m + 2600 = g*m. What is the tens digit of m?
2
Let y be 3 + (4 - 20/4). Suppose x - c - 89 = y*c, 0 = -3*x - c + 287. What is the units digit of x?
5
Suppose 0*f + 5 = 5*f. Let j be 1 + f*(-2 - -1). Suppose 2*i + 21 + 4 = 5*v, -3*i - 15 = j. What is the units digit of v?
3
Let x = 35 - -15. Suppose 0 = -j - j + x. Let l = j + 15. What is the units digit of l?
0
What is the tens digit of (0 + 4)/(-1)*195/(-30)?
2
Let o(k) = -16*k**3 + 2*k**2 - 13*k - 53. What is the tens digit of o(-7)?
2
Let l(i) = -i**3 + 13*i**2 + 16*i + 17. Let o be l(13). Suppose 6*s - 9*s + o = 0. What is the units digit of s?
5
Suppose -125*w = -124*w - 996. What is the units digit of w?
6
Suppose -18009 = -24*w + 20703. What is the thousands digit of w?
1
Suppose -s + 1442 = 2*q, -3*s - q + 6283 = 1932. What is the tens digit of ((-3)/(-9))/((-1448)/s + 1)?
2
Let x be -1*52/(-6)*3. Suppose 0 = 4*w + x + 10. What is the units digit of (26/6)/(w/(-27))?
3
Let d(g) = g**3 + 7*g**2 - 9*g - 6. Let k be d(-8). Suppose 5*c - 231 = -4*n, n - 94 + 1 = -k*c. What is the units digit of c?
7
Suppose 0 = -5*y + 7*y + 4. Let w(f) = f**3 + 2*f**2 - 2. Let k be w(y). What is the units digit of (-38)/(-2) - k/(-1)?
7
Let h = 504 + -292. What is the hundreds digit of h?
2
Let u be (21 - 21)/(0 + -2). Suppose 0 = -u*n + 10*n - 230. What is the tens digit of n?
2
What is the thousands digit of (1353/33)/(1/29)?
1
Let h(x) = -177*x + 324. What is the tens digit of h(-8)?
4
Let n be -1 + (-8)/(-5) - (-342)/30. What is the units digit of -2 + n/54 + (-1940)/(-18)?
6
Suppose 4*s - 2*s = 3*y - 27, 0 = 5*s + 15. Suppose y*i - 8*i = -9. What is the units digit of i?
9
Let c(y) = y**2 - 2*y - 13. Let g(r) = r**2 - 5*r - 5. Let q be g(4). Let z be c(q). Suppose -3*i = -f - z, -3*i - f - 59 = -5*i. What is the units digit of i?
7
Let y = 438 - -530. What is the units digit of y?
8
Let l(a) = 8*a**2 - 2*a. Let b(c) = c**2. Let h be 8/2*(-21)/14. Let x(p) = h*b(p) + l(p). What is the units digit of x(4)?
4
Suppose 0 = -i + 7*i - 24. Suppose 463 - 15 = i*z - 4*h, 2*z - 232 = 4*h. What is the units digit of z?
8
Let h = 1 + -4. Let f(m) = 4*m**2 - 1. Let d be f(h). What is the units digit of 2/(-5) - (-329)/d?
9
Suppose 2*x - 36 + 8 = 0. Let c = -15 + x. What is the tens digit of (-675)/(-20) - c/4?
3
Let i(u) = 20*u + 12. Let x be i(7). Let r = 299 - x. What is the hundreds digit of r?
1
Suppose n + 92 = -n. Let f = 90 + n. What is the tens digit of f?
4
What is the hundreds digit of (1 + -59)/((-10)/3395*7)?
8
Suppose -2*u + 2*k + 142 = 0, 126 = 2*u - 2*k + 4*k. Let l = -63 + u. What is the units digit of l?
4
Suppose 0 = 5*j + 4*f - 47, 4*j = f + 18 + 7. Let g be 2/6 + (-16)/(-6). Let d = j - g. What is the units digit of d?
4
Let t(g) = g**3 + 16*g**2 - 8*g + 20. Let r be (-230)/14 + (-3)/(-7). What is the units digit of t(r)?
8
Suppose -2*t + 0*t - 8 = 